. Suppose -4*z + 120 = -5*l, 0 = 2*z - 8*l + 4*l - 66. Let o be z/9 - 6/(-27). Suppose -o*k - 3 = -0, -5 = -c + 5*k. What is i(c)?
-5
Let v(n) = n + 1. Let i be 400/18 + 2/(-9). Suppose 2 - i = 4*g. Let o(d) = -d**3 - 5*d**2 + d + 5. Let c be o(g). Determine v(c).
1
Let q(h) = 1 + 2*h - h + 2 + 0. Let u(g) = g + 6. Let o(p) = 5*q(p) - 3*u(p). What is o(-5)?
-13
Suppose 0 + 3 = -t. Let j = t - -6. Let h(o) = -1 - 1 - 1 + 3*o. Calculate h(j).
6
Let a(c) = -2*c - 30. Let u be a(-16). Let x(b) be the third derivative of b**4/24 + 2*b**2. Give x(u).
2
Let z(s) be the second derivative of -s**5/20 + s**4/3 + s**3/3 - 2*s**2 - 3*s. Let c be z(4). Let k(q) = q**3 - 4*q**2 - 2*q + 5. Give k(c).
-3
Let s be (-3)/6*(1 + 1). Let u(y) = 0 - 282*y - 1 + 281*y + y**2. What is u(s)?
1
Let o(t) = -t**2 - 6*t + 7. Let s be -5*2 + 6 + -4. What is o(s)?
-9
Let s(u) = u**2 + 13*u + 9. Let t be s(-12). Let q be -1 + 6 + (0 - 0). Let c = q + t. Let m(k) = -3*k**2 + 4*k - 2. Determine m(c).
-6
Let c(m) = m**3 + 7*m**2 + 4*m + 5. Let j be 1 + (-1)/(1/3). Let g(i) = -i + 0*i - i**2 + 0*i**2. Let f(h) = j*g(h) - c(h). Calculate f(-5).
5
Let b(n) = -n**3 - 2*n**2 - 2*n - 5. Let q(c) = -c**3 - 2*c**2 - 2*c - 6. Suppose 2*t - 21 = -9. Let w(f) = t*b(f) - 5*q(f). Determine w(-2).
4
Let h(s) = -s - 1. Let j = 2 - 7. Let o be h(j). Let w(d) = d**3 - 3*d**2 - 5*d + 3. Give w(o).
-1
Let c(t) = -6*t**3 - 2*t. Let r(s) = -s**3 - s**2 + s. Let l = 16 + -15. Let n(z) = l*r(z) + c(z). Let u(v) = v**3 - 4*v**2 + 3*v - 1. Let o be u(3). Give n(o).
7
Let v(h) be the first derivative of h**3/3 - h**2/2 + h + 19. Determine v(3).
7
Let w(g) be the second derivative of -g**7/840 - g**6/72 + g**5/30 - g**4/8 - 5*g**3/6 - 4*g. Let d(s) be the second derivative of w(s). Determine d(-6).
9
Let c(u) be the first derivative of -3*u**2 - 1. Let m be (-4)/14 + (-282)/42. Let h = 6 + m. Calculate c(h).
6
Let c(s) = s**2 - 4*s - 5. Let d be c(8). Let q be 6/(-4)*(-36)/d. Let r(m) = -m**2 - 2 - 4*m + 3*m + 3*m. Give r(q).
-2
Let c = -1 - -8. Let v = 7 - c. Let m(q) be the first derivative of q**3/3 + q**2/2 - q - 1. Determine m(v).
-1
Let b(q) = -q**3 - 7*q**2 + 8*q + 4. Let t be b(-8). Let y = 4 - t. Let j(f) = f**3 + 4. What is j(y)?
4
Suppose 15 = 4*b + 3. Suppose -4 = b*t - 16. Suppose 0 = -2*v + t - 6. Let d(q) = -7*q**2. Determine d(v).
-7
Let y(a) = -3*a - 5. Let i(p) = -2*p - 4. Let u(f) = -6*i(f) + 5*y(f). Give u(-4).
11
Let i(u) be the third derivative of u**7/840 - u**6/120 - u**5/120 - u**4/8 - u**3/6 - 3*u**2. Let z(f) be the first derivative of i(f). What is z(3)?
-6
Let a(z) = -z**3 - 2. Let l = 14 + -12. Suppose 2*x = l - 6. Give a(x).
6
Suppose 16*x = 7*x - 54. Let f(i) = 3*i**3 + 4*i - 2*i**3 - 4 + 0*i**3 + 7*i**2. Give f(x).
8
Let i be 72/42 - (-2)/7. Let n(j) = -2*j**2 - j**2 + i*j**2 + 7*j + 3. Determine n(7).
3
Let t(c) = 3*c - 4. Let k(r) = -2 + 5 + 7 - 4*r - 6. Let d(x) = 2*k(x) + 3*t(x). What is d(5)?
1
Let j(w) = -11*w**2 + 8*w + 12. Let y(g) = 5*g**2 - 4*g - 6. Let q(z) = -4*j(z) - 9*y(z). Give q(5).
1
Let h(n) be the first derivative of -n**3/3 + 3*n**2 - 3*n - 3. Suppose 0 = -4*w + t, 0*t = -4*w + 2*t. Let d = w - -4. Determine h(d).
5
Suppose -5*n = -4 - 1. Let j(v) = 0 - 2*v + n - 2. Suppose -20*w + 17*w = -3*t - 12, -5*t + 10 = w. Determine j(w).
-11
Let n(c) be the second derivative of c**5/20 - c**4/2 + 2*c**3/3 + 2*c**2 + 12*c. Give n(5).
-1
Let p(g) = -g**2 - 4*g + 6. Let t be (-1)/(-2 + (-39)/(-18)). Let y be p(t). Let c(z) = -z**3 - 7*z**2 - 6*z + 5. Determine c(y).
5
Let n(o) be the first derivative of -3/2*o**2 - 1 + 0*o. Suppose 5*t - 5*w + 10 = 0, 0 = -t - 5*w - 6 + 4. What is n(t)?
6
Let b(f) = 0*f - f - 5*f**2 - 8*f + 8*f - f**3. Calculate b(-5).
5
Let f(u) = -u**2 - 4*u + 3. Suppose -4*w = -2*b + 3*b - 13, 3*w = -b + 10. Suppose 2*x = -l - 0 + 3, -2*x = w*l + 7. Calculate f(l).
-2
Let j(d) = -d**2 - 2*d + 2. Suppose 295 = 4*h + 39. Let q be (-4)/14 - h/(-28). Calculate j(q).
-6
Let v(o) be the first derivative of o**4/4 - o**3/3 - o**2/2 + o + 2. Let k be v(0). Suppose -a = -3 - k. Let u(y) = -y**3 + 4*y**2 + y + 4. Give u(a).
8
Suppose -k = -4*d + 19, -3 = -3*d + 3*k + 18. Let q(h) = -h**3 + 4*h**2 + 2*h - 2. Give q(d).
6
Let h(y) = 3*y**3 - y**2 + y + 1. Suppose -20 = -3*m - 5. Let c be 2 + -7 + (-1 - 0). Let l = c + m. Give h(l).
-4
Let k(c) be the first derivative of -c**6/120 + c**5/15 - c**4/8 + 2*c**2 + 4. Let a(y) be the second derivative of k(y). Determine a(2).
2
Let g = 29 - 25. Let u(d) = -d**3 + 3*d**2 + 2*d + 4. Calculate u(g).
-4
Let p(v) be the second derivative of v**5/60 - v**4/4 + v**3/6 + 3*v**2/2 - v. Let h(c) be the first derivative of p(c). Determine h(5).
-4
Let u(s) be the third derivative of s**6/120 - s**5/15 + s**4/6 + s**3/6 + s**2. Suppose -9*t + 15 = -12. Give u(t).
4
Let x(k) be the second derivative of 3*k**5/20 + k**4/12 + k. Let c be x(-1). Let l(u) be the third derivative of -u**4/8 - u**3/6 + u**2. Give l(c).
5
Let t(v) be the third derivative of v**5/60 + v**4/8 + v**3/3 + 25*v**2. What is t(-4)?
6
Let c(f) = -3*f**2 + 7*f + 3*f - 2 - 3*f - 3*f. Let v = 3 - 1. Determine c(v).
-6
Suppose 1 = -u - 2*f + 4, -19 = 2*u - f. Let k(h) = h**2 + 9*h + 5. Give k(u).
-9
Suppose -6 + 2 = -2*w. Let n(c) = -c + 5. Let o(h) = 1. Suppose 0 = -0*d - 4*d + 44. Let z(l) = d*o(l) - 2*n(l). What is z(w)?
5
Let b(d) be the third derivative of d**6/240 - d**4/24 + 2*d**2. Let n(s) be the second derivative of b(s). Calculate n(-1).
-3
Let l(b) be the second derivative of b**4/6 - b**3 + 8*b. What is l(4)?
8
Let p(l) = -l - 2. Let i = 54 + -48. Determine p(i).
-8
Let x(t) = -t**2 + 2*t - 1. Let o be (-24)/(-6) + 1/1. What is x(o)?
-16
Let c(a) = 17 + 2*a - 34 - 5*a + 18. Determine c(1).
-2
Let b(v) = -v. Let t(f) = -f**2 - f - 1. Let c(z) = 2*b(z) - t(z). What is c(3)?
7
Let s(r) be the first derivative of r**4/4 + r**3 - 2*r**2 + 2*r - 1. Suppose f - 2*l = -8, 0 = 4*f + 2*l + l + 10. Calculate s(f).
2
Let k be 0/7 + (3 - 1). Suppose 5*c = -g + 18, -g + 2 = k*c + 2*g. Let a(i) = -i**3 + 3*i**2 + 3*i + 1. Determine a(c).
-3
Let j(f) = -5*f**2 + 12*f - 13. Suppose 4*g = -4*l - 24, 0*g + 12 = -5*l + 4*g. Let c(z) = 3*z**2 - 6*z + 7. Let d(k) = l*j(k) - 7*c(k). Give d(-5).
8
Let i(w) be the second derivative of 3/2*w**2 + 3*w + 0*w**3 + 0 + 1/12*w**4. Calculate i(0).
3
Suppose -3*j = -34 + 13. Let l = j + -5. Let o(a) = 13*a - 10*a + 0 - 2. Calculate o(l).
4
Let z(d) = -3 - 11*d**2 + d + 12*d**2 + 2. Let f(j) = -j - 1. Let b be f(-2). Determine z(b).
1
Let y(k) = -2*k - 12 + 5*k - 4*k. Suppose 7*f - 15 = -50. Give y(f).
-7
Let u(v) = 79 - 78 + 2*v - 3*v. What is u(-6)?
7
Let a(k) be the second derivative of k**5/20 + k**4/2 - 4*k**3/3 - k**2/2 - 6*k. Calculate a(-7).
6
Let f(h) = -13*h**3 + 2*h - 1. Suppose z - 4*d = 13, 0 = -4*z - 3*d + 8*d + 19. Determine f(z).
-12
Suppose -2*k = 3*k - 20. Suppose -k = -r + 1. Let o(q) = 2 + 1 - 4*q**2 - 2 + q**3 + 2 - 7*q. Calculate o(r).
-7
Let r(h) = -h**3 + 5*h**2. Suppose 4*l - 8*l = 4*a - 164, -38 = -l + 2*a. Suppose o + l = 6*o. Let c = 13 - o. What is r(c)?
0
Suppose -15 + 0 = -3*a, -184 = 3*m + a. Let o be 27/m - 25/7. Let v(h) be the second derivative of h**5/20 + h**4/3 + h**3/6 - h**2 + h. Calculate v(o).
-6
Let u(l) = -12*l**2. Let a be ((-27)/63 + (-4)/7)/1. Calculate u(a).
-12
Let i(w) = w. Suppose 12 = 2*k + k. Suppose -k*d - 6 = -5*d. Determine i(d).
6
Let k(j) = -j**3 + 1. Suppose -7*v + 14 = -2*v - 2*b, -22 = -4*v - 2*b. Suppose -y = v*y. Give k(y).
1
Let c(q) = -q + 2. Let n be (5 - 35)/(-5) - 1. Calculate c(n).
-3
Let y(l) = -33*l**2 - 6 + 8*l - 27*l**2 + 62*l**2. What is y(-6)?
18
Let v(b) be the third derivative of -b**6/60 + b**4/24 - b**3/6 - 29*b**2. Determine v(-2).
13
Let c(y) = 3 + 3 + y**3 + y - 1 - 3. Calculate c(0).
2
Suppose 0 = 2*o + 4*o - 12. Let g(w) be the second derivative of w**5/20 - w**4/12 + w**3/6 - w**2 - w. Calculate g(o).
4
Let l(o) = -o + 1. Let t(y) = -y**2 + 10*y - 1. Let r(u) = -5*l(u) - t(u). Suppose -2*g + z = -0*z - 4, -3*g + 4*z = -11. Let h = 6 - g. Give r(h).
-4
Let u(a) = a - 1. Let x(v) = -4*v + 3. Let i(b) = -18*u(b) - 4*x(b). Let f be i(5). Let n(d) = -d**3 - 5*d**2 - 3*d + 4. What is n(f)?
0
Let x(b) = b. Let f be x(6). Let g be 9/1*6/f. Let v = 1